475 and 35?
35
What is the highest common divisor of 1274 and 490?
98
What is the greatest common divisor of 4 and 8?
4
What is the greatest common divisor of 30 and 40?
10
Calculate the greatest common factor of 98 and 210.
14
What is the greatest common divisor of 149 and 2980?
149
What is the greatest common factor of 200 and 160?
40
What is the greatest common factor of 114 and 2432?
38
Calculate the highest common divisor of 368 and 437.
23
What is the highest common factor of 728 and 416?
104
What is the highest common divisor of 1204 and 2924?
172
What is the greatest common divisor of 22 and 4631?
11
What is the greatest common factor of 4191 and 99?
33
Calculate the highest common factor of 208 and 1.
1
What is the greatest common divisor of 8 and 7?
1
Calculate the greatest common factor of 63 and 2268.
63
Calculate the greatest common divisor of 2074 and 244.
122
Calculate the highest common divisor of 144 and 1260.
36
Calculate the greatest common factor of 374 and 176.
22
Calculate the greatest common divisor of 11234 and 41.
41
Calculate the greatest common factor of 3785 and 5.
5
What is the greatest common divisor of 12 and 16?
4
Calculate the highest common divisor of 26 and 3107.
13
Calculate the greatest common factor of 197 and 9653.
197
Calculate the greatest common divisor of 7 and 1883.
7
What is the greatest common factor of 2760 and 7245?
345
Calculate the greatest common factor of 22495 and 22.
11
Calculate the greatest common divisor of 1258 and 34.
34
Calculate the greatest common factor of 988 and 13.
13
Calculate the highest common divisor of 16 and 7400.
8
What is the greatest common divisor of 465 and 744?
93
What is the greatest common divisor of 290 and 300?
10
Calculate the highest common factor of 4779 and 81.
81
What is the greatest common divisor of 56 and 13468?
28
What is the highest common divisor of 36 and 1548?
36
Calculate the greatest common divisor of 40 and 30.
10
Calculate the highest common factor of 2484 and 12.
12
Calculate the highest common factor of 388 and 3.
1
Calculate the highest common factor of 279 and 48081.
93
Calculate the greatest common factor of 2119 and 326.
163
What is the highest common factor of 19 and 196?
1
What is the highest common divisor of 28 and 8?
4
Calculate the highest common divisor of 74 and 4107.
37
Calculate the greatest common divisor of 22 and 8.
2
What is the highest common factor of 50 and 90?
10
What is the highest common factor of 322 and 49?
7
What is the highest common divisor of 28 and 22?
2
What is the highest common factor of 12 and 12?
12
Calculate the greatest common divisor of 96 and 30.
6
Calculate the greatest common divisor of 5459 and 103.
103
Calculate the highest common factor of 16 and 46.
2
What is the greatest common divisor of 72 and 96?
24
What is the greatest common factor of 43 and 172?
43
Calculate the greatest common factor of 35 and 119.
7
Calculate the greatest common factor of 99 and 45.
9
What is the highest common divisor of 77 and 176?
11
Calculate the greatest common factor of 1358 and 14.
14
What is the greatest common divisor of 10 and 16?
2
Calculate the highest common factor of 14 and 108.
2
Calculate the greatest common divisor of 36 and 2502.
18
What is the greatest common factor of 4 and 25?
1
Calculate the highest common divisor of 160 and 20.
20
What is the highest common factor of 209 and 171?
19
Calculate the greatest common divisor of 32 and 36.
4
What is the greatest common factor of 2945 and 2185?
95
Calculate the highest common divisor of 2098 and 2.
2
Calculate the highest common factor of 56 and 14.
14
What is the greatest common factor of 10 and 1470?
10
What is the highest common divisor of 145 and 145?
145
What is the highest common divisor of 956 and 4?
4
What is the greatest common divisor of 1261 and 39?
13
Calculate the highest common divisor of 204 and 272.
68
Calculate the highest common factor of 497 and 71.
71
Calculate the greatest common divisor of 1240 and 64.
8
Calculate the highest common factor of 2380 and 2108.
68
Calculate the highest common divisor of 1088 and 192.
64
What is the greatest common factor of 4324 and 92?
92
What is the highest common factor of 589 and 31?
31
What is the highest common factor of 75 and 2425?
25
Calculate the greatest common divisor of 465 and 186.
93
Calculate the highest common divisor of 349 and 6631.
349
Calculate the highest common divisor of 126 and 1.
1
Calculate the greatest common factor of 72 and 972.
36
What is the greatest common factor of 36951 and 113?
113
Calculate the greatest common divisor of 21 and 182.
7
What is the greatest common factor of 340 and 15?
5
What is the greatest common divisor of 18 and 738?
18
Calculate the greatest common factor of 468 and 260.
52
What is the greatest common divisor of 267 and 445?
89
Calculate the greatest common factor of 41 and 164.
41
What is the greatest common factor of 169 and 2496?
13
What is the highest common factor of 26544 and 64?
16
What is the highest common factor of 468 and 208?
52
Calculate the highest common divisor of 162 and 513.
27
What is the greatest common factor of 198 and 48?
6
What is the highest common divisor of 12450 and 250?
50
What is the highest common divisor of 75 and 275?
25
What is the greatest common divisor of 903 and 1092?
21
What is the greatest common divisor of 2527 and 7?
7
Calculate the greatest common divisor of 18 and 1878.
6
Calculate the highest common factor of 11 and 407.
11
Calculate the highest common factor of 1136 and 71.
71
What is the highest common divisor of 6090 and 420?
210
Calculate the highest common divisor of 473 and 11.
11
Calculate the highest common factor of 1428 and 42.
42
What is the greatest common factor of 304 and 95?
19
Calculate the greatest common factor of 60 and 1140.
60
Calculate the highest common factor of 18 and 24.
6
Calculate the highest common divisor of 54 and 9000.
18
Calculate the greatest common divisor of 20 and 46.
2
Calculate the highest common factor of 225 and 20.
5
Calculate the greatest common factor of 24 and 492.
12
What is the highest common divisor of 297 and 216?
27
Calculate the highest common factor of 122 and 2.
2
What is the highest common factor of 1044 and 72?
36
Calculate the highest common factor of 18 and 32.
2
Calculate the highest common factor of 26 and 377.
13
What is the greatest common factor of 8 and 196?
4
What is the greatest common factor of 132 and 165?
33
Calculate the greatest common factor of 25 and 175.
25
What is the greatest common divisor of 96 and 1236?
12
What is the highest common factor of 42 and 280?
14
Calculate the highest common factor of 273 and 429.
39
What is the greatest common factor of 1446 and 54?
6
Calculate the highest common divisor of 19497 and 134.
67
What is the greatest common factor of 702 and 52?
26
What is the greatest common factor of 1225 and 840?
35
Calculate the greatest common factor of 2 and 107.
1
What is the greatest common divisor of 25 and 6525?
25
Calculate the highest common factor of 2159 and 68.
17
What is the highest common divisor of 2418 and 156?
78
What is the highest common divisor of 15 and 2235?
15
What is the highest common divisor of 32608 and 32?
32
What is the highest common factor of 50454 and 18?
18
Calculate the greatest common factor of 754 and 464.
58
Calculate the greatest common factor of 388 and 70228.
388
What is the highest common divisor of 162 and 198?
18
Calculate the greatest common factor of 16 and 52.
4
What is the greatest common divisor of 120 and 48?
24
Calculate the highest common factor of 88 and 40.
8
What is the highest common factor of 100 and 8?
4
Calculate the greatest common factor of 24 and 2328.
24
What is the highest common divisor of 176 and 9?
1
What is the greatest common divisor of 70 and 28?
14
Calculate the highest common divisor of 1 and 57.
1
Calculate the highest common divisor of 48 and 4800.
48
What is the greatest common divisor of 492 and 1435?
41
Calculate the greatest common divisor of 3875 and 31.
31
Calculate the greatest common factor of 36 and 2436.
12
What is the highest common divisor of 20 and 64090?
10
Calculate the greatest common divisor of 31 and 248.
31
Calculate the grea